of 725062.
2, 13, 79, 353
What are the prime factors of 5572442?
2, 2786221
List the prime factors of 862744.
2, 107843
What are the prime factors of 71078?
2, 7, 5077
What are the prime factors of 45382?
2, 22691
What are the prime factors of 550381?
13, 42337
List the prime factors of 1987833.
3, 109, 6079
What are the prime factors of 130799?
139, 941
What are the prime factors of 3859349?
13, 29, 353
What are the prime factors of 2232794?
2, 23, 48539
List the prime factors of 142043.
11, 37, 349
What are the prime factors of 22720070?
2, 5, 599, 3793
List the prime factors of 1462109.
11, 61, 2179
List the prime factors of 8481541.
251, 33791
What are the prime factors of 156354?
2, 3, 11, 23, 103
What are the prime factors of 3464623?
41, 84503
List the prime factors of 44979098.
2, 1307, 17207
What are the prime factors of 187525?
5, 13, 577
List the prime factors of 375120.
2, 3, 5, 521
What are the prime factors of 2292128?
2, 83, 863
List the prime factors of 4593.
3, 1531
What are the prime factors of 1627560?
2, 3, 5, 11, 137
List the prime factors of 56518.
2, 7, 11, 367
List the prime factors of 1377725.
5, 55109
List the prime factors of 371860.
2, 5, 18593
List the prime factors of 4131474.
2, 3, 19, 36241
What are the prime factors of 404549?
17, 53, 449
What are the prime factors of 1518242?
2, 11, 69011
List the prime factors of 75600.
2, 3, 5, 7
What are the prime factors of 236194?
2, 7, 16871
What are the prime factors of 6908818?
2, 7, 19, 1367
List the prime factors of 165983.
165983
What are the prime factors of 6914712?
2, 3, 7, 79, 521
List the prime factors of 11705627.
2371, 4937
List the prime factors of 2962468.
2, 359, 2063
What are the prime factors of 159121?
41, 3881
List the prime factors of 463408.
2, 11, 2633
What are the prime factors of 355555?
5, 17, 47, 89
List the prime factors of 814304.
2, 25447
List the prime factors of 37064.
2, 41, 113
What are the prime factors of 719976?
2, 3, 131, 229
What are the prime factors of 289460?
2, 5, 41, 353
List the prime factors of 1840982.
2, 11, 13, 41, 157
List the prime factors of 2573196.
2, 3, 214433
What are the prime factors of 26139700?
2, 5, 43, 6079
What are the prime factors of 2843583?
3, 947861
List the prime factors of 4053768.
2, 3, 67, 2521
List the prime factors of 8335714.
2, 31, 4337
List the prime factors of 32867.
23, 1429
What are the prime factors of 7878758?
2, 3939379
List the prime factors of 5679482.
2, 23, 311, 397
List the prime factors of 2856855.
3, 5, 73, 2609
List the prime factors of 1485136.
2, 92821
List the prime factors of 6996143.
7, 11, 43, 2113
What are the prime factors of 1535431?
61, 25171
What are the prime factors of 56682?
2, 3, 47, 67
What are the prime factors of 16683989?
7, 2383427
List the prime factors of 4091455.
5, 818291
List the prime factors of 3853807.
191, 20177
What are the prime factors of 3293401?
173, 19037
What are the prime factors of 2253952?
2, 17609
What are the prime factors of 2633632?
2, 82301
What are the prime factors of 136740?
2, 3, 5, 43, 53
What are the prime factors of 7371665?
5, 7, 210619
What are the prime factors of 6017028?
2, 3, 501419
What are the prime factors of 447302?
2, 139, 1609
List the prime factors of 415574.
2, 47, 4421
What are the prime factors of 299913?
3, 99971
What are the prime factors of 1265828?
2, 23, 13759
What are the prime factors of 2833186?
2, 17, 23, 3623
List the prime factors of 4480660.
2, 5, 224033
List the prime factors of 221560.
2, 5, 29, 191
What are the prime factors of 2226697?
11, 37, 5471
List the prime factors of 496963.
496963
List the prime factors of 476869.
476869
What are the prime factors of 194190?
2, 3, 5, 6473
List the prime factors of 980157.
3, 89, 3671
What are the prime factors of 168559?
168559
What are the prime factors of 9850353?
3, 3283451
What are the prime factors of 1891579?
1891579
What are the prime factors of 2993677?
251, 11927
What are the prime factors of 731955?
3, 5, 7, 6971
What are the prime factors of 776512?
2, 11, 1103
List the prime factors of 1915799.
1915799
List the prime factors of 400644.
2, 3, 31, 359
What are the prime factors of 913991?
13, 167, 421
What are the prime factors of 256202?
2, 53, 2417
List the prime factors of 1378454.
2, 7, 11, 8951
List the prime factors of 14884860.
2, 3, 5, 17, 14593
List the prime factors of 232156.
2, 127, 457
List the prime factors of 127357.
19, 6703
What are the prime factors of 1770952?
2, 19, 61, 191
List the prime factors of 123049.
123049
List the prime factors of 46017.
3, 5113
What are the prime factors of 32849?
107, 307
List the prime factors of 8493705.
3, 5, 11, 17159
What are the prime factors of 7416?
2, 3, 103
List the prime factors of 35985.
3, 5, 2399
List the prime factors of 4126360.
2, 5, 7, 14737
List the prime factors of 45749.
11, 4159
What are the prime factors of 9522781?
19, 97, 5167
What are the prime factors of 136345?
5, 11, 37, 67
What are the prime factors of 4300240?
2, 5, 7, 1097
List the prime factors of 2830815.
3, 5, 13, 1613
What are the prime factors of 627254?
2, 31, 67, 151
What are the prime factors of 1559862?
2, 3, 19, 4561
What are the prime factors of 4737315?
3, 5, 11, 28711
List the prime factors of 163428.
2, 3, 13619
List the prime factors of 322603.
37, 8719
What are the prime factors of 1182462?
2, 3, 197077
What are the prime factors of 40381?
11, 3671
List the prime factors of 2347814.
2, 7, 67, 2503
What are the prime factors of 2960625?
3, 5, 1579
List the prime factors of 204325.
5, 11, 743
What are the prime factors of 110264?
2, 7, 11, 179
List the prime factors of 425073.
3, 11, 1171
List the prime factors of 7282177.
7, 1040311
What are the prime factors of 1612049?
241, 6689
List the prime factors of 939951.
3, 31, 1123
List the prime factors of 444004.
2, 11, 10091
List the prime factors of 172141.
79, 2179
What are the prime factors of 4055398?
2, 19, 106721
List the prime factors of 1279581.
3, 426527
List the prime factors of 6125969.
6125969
What are the prime factors of 10620847?
10620847
List the prime factors of 1417475.
5, 31, 59
What are the prime factors of 17399064?
2, 3, 724961
What are the prime factors of 465063?
3, 19, 41, 199
List the prime factors of 1065007.
19, 56053
List the prime factors of 197304.
2, 3, 8221
What are the prime factors of 502759?
19, 47, 563
What are the prime factors of 428051?
13, 19, 1733
List the prime factors of 36682.
2, 18341
What are the prime factors of 154144?
2, 4817
What are the prime factors of 1078560?
2, 3, 5, 7, 107
List the prime factors of 12473952.
2, 3, 129937
List the prime factors of 4287749.
19, 225671
List the prime factors of 220466.
2, 110233
What are the prime factors of 850665?
3, 5, 56711
What are the prime factors of 2807448?
2, 3, 7, 17, 983
List the prime factors of 2236452.
2, 3, 17, 19, 577
What are the prime factors of 16390739?
373, 43943
What are the prime factors of 788979?
3, 181, 1453
What are the prime factors of 24959?
11, 2269
What are the prime factors of 1930923?
3, 73, 2939
List the prime factors of 4034997.
3, 47, 9539
What are the prime factors of 445258?
2, 11, 37, 547
List the prime factors of 2747376.
2, 3, 19079
List the prime factors of 616841.
616841
What are the prime factors of 769980?
2, 3, 5, 41, 313
List the prime factors of 1036025.
5, 29, 1429
What are the prime factors of 8349232?
2, 373, 1399
List the prime factors of 4385217.
3, 67, 21817
What are the prime factors of 5195203?
13, 167, 2393
List the prime factors of 75945.
3, 5, 61, 83
List the prime factors of 3494249.
11, 79, 4021
What are the prime factors of 4268281?
227, 18803
List the prime factors of 15887643.
3, 67, 79043
What are the prime factors of 14908?
2, 3727
List the prime factors of 152173.
7, 21739
List the prime factors of 4719796.
2, 71, 16619
What are the prime factors of 11022841?
11022841
List the prime factors of 15876166.
2, 29, 273727
List the prime factors of 59827.
29, 2063
List the prime factors of 2346545.
5, 31, 15139
What are the prime factors of 2902681?
271, 10711
What are the prime factors of 433571?
433571
What are the prime factors of 1632317?
1632317
List the prime factors of 2391653.
11, 41, 5303
What are t